3
List the prime factors of 369030.
2, 3, 5, 12301
What are the prime factors of 2662236?
2, 3, 73951
What are the prime factors of 214212?
2, 3, 17851
List the prime factors of 27346.
2, 11, 113
What are the prime factors of 5096893?
5096893
List the prime factors of 861498.
2, 3, 11, 19, 229
List the prime factors of 40147047.
3, 17, 262399
List the prime factors of 12006492.
2, 3, 1000541
What are the prime factors of 11991785?
5, 13, 184489
What are the prime factors of 12390140?
2, 5, 7, 47, 269
What are the prime factors of 16389731?
23, 31, 127, 181
What are the prime factors of 38618040?
2, 3, 5, 321817
What are the prime factors of 9420202?
2, 11, 23, 18617
List the prime factors of 12655102.
2, 19, 333029
List the prime factors of 339997.
7, 48571
List the prime factors of 1934525.
5, 223, 347
List the prime factors of 554974.
2, 7, 809
What are the prime factors of 418685?
5, 83737
What are the prime factors of 5257770?
2, 3, 5, 7, 25037
List the prime factors of 5953881.
3, 199, 9973
What are the prime factors of 2746056?
2, 3, 114419
List the prime factors of 9847577.
9847577
List the prime factors of 8382514.
2, 7, 419, 1429
List the prime factors of 312820.
2, 5, 15641
What are the prime factors of 653546?
2, 326773
What are the prime factors of 23728254?
2, 3, 11, 233, 1543
What are the prime factors of 29247927?
3, 23, 423883
List the prime factors of 355292.
2, 7, 12689
What are the prime factors of 836938?
2, 31, 13499
List the prime factors of 1081252.
2, 19, 41, 347
What are the prime factors of 634982?
2, 317491
List the prime factors of 138494.
2, 69247
What are the prime factors of 159787?
159787
What are the prime factors of 3361060?
2, 5, 163, 1031
List the prime factors of 6180361.
11, 503, 1117
What are the prime factors of 962075?
5, 29, 1327
List the prime factors of 1091707.
41, 26627
What are the prime factors of 5691476?
2, 7, 31, 79, 83
What are the prime factors of 30578772?
2, 3, 7, 31, 11743
List the prime factors of 35759272.
2, 359, 12451
What are the prime factors of 17895352?
2, 41, 54559
List the prime factors of 886383.
3, 31, 353
List the prime factors of 21044589.
3, 17, 412639
List the prime factors of 5942577.
3, 1980859
List the prime factors of 139003.
229, 607
List the prime factors of 1376464.
2, 86029
What are the prime factors of 1695562?
2, 11, 37, 2083
What are the prime factors of 3115927?
3115927
List the prime factors of 12850457.
181, 70997
List the prime factors of 1738399.
13, 133723
What are the prime factors of 5186548?
2, 31, 151, 277
What are the prime factors of 1382954?
2, 179, 3863
What are the prime factors of 2276681?
11, 139, 1489
What are the prime factors of 114338?
2, 7, 8167
List the prime factors of 8227667.
7, 53, 67, 331
What are the prime factors of 48988?
2, 37, 331
What are the prime factors of 18909458?
2, 2063, 4583
List the prime factors of 6752028.
2, 3, 562669
List the prime factors of 12045088.
2, 11, 19, 1801
What are the prime factors of 678367?
678367
List the prime factors of 1474113.
3, 491371
List the prime factors of 1278773.
79, 16187
List the prime factors of 1696588.
2, 424147
What are the prime factors of 39613617?
3, 163019
What are the prime factors of 1173850?
2, 5, 17, 1381
List the prime factors of 105526.
2, 19, 2777
List the prime factors of 116072.
2, 11, 1319
List the prime factors of 6300682.
2, 71, 44371
What are the prime factors of 35005600?
2, 5, 7, 19, 47
List the prime factors of 13826788.
2, 131, 26387
List the prime factors of 2783774.
2, 7, 198841
List the prime factors of 972670.
2, 5, 23, 4229
List the prime factors of 860203.
157, 5479
List the prime factors of 8946318.
2, 3, 17, 139, 631
What are the prime factors of 748091?
748091
List the prime factors of 372933.
3, 11, 3767
What are the prime factors of 894880?
2, 5, 7, 17, 47
List the prime factors of 575195.
5, 17, 67, 101
What are the prime factors of 165866?
2, 239, 347
List the prime factors of 14283174.
2, 3, 19, 349, 359
List the prime factors of 1460039.
7, 208577
What are the prime factors of 3038003?
3038003
What are the prime factors of 4751114?
2, 2375557
List the prime factors of 5752.
2, 719
List the prime factors of 1704650.
2, 5, 103, 331
List the prime factors of 10240091.
2957, 3463
What are the prime factors of 16402520?
2, 5, 410063
What are the prime factors of 617039?
617039
What are the prime factors of 5393949?
3, 11, 149, 1097
What are the prime factors of 1188865?
5, 47, 5059
What are the prime factors of 11196046?
2, 131, 151, 283
List the prime factors of 1227912.
2, 3, 7, 7309
What are the prime factors of 205562?
2, 7, 14683
What are the prime factors of 2098206?
2, 3, 11, 10597
What are the prime factors of 6460506?
2, 3, 13, 9203
What are the prime factors of 2511479?
503, 4993
List the prime factors of 1772466.
2, 3, 295411
What are the prime factors of 43732?
2, 13, 29
List the prime factors of 270013.
71, 3803
List the prime factors of 238283.
239, 997
List the prime factors of 399793.
399793
List the prime factors of 13731452.
2, 7, 19, 53, 487
List the prime factors of 53990.
2, 5, 5399
What are the prime factors of 366388?
2, 11, 757
List the prime factors of 7745708.
2, 1936427
List the prime factors of 11810113.
7, 47, 35897
List the prime factors of 58013.
58013
What are the prime factors of 2736497?
2736497
What are the prime factors of 13350425?
5, 11, 43, 1129
List the prime factors of 17020382.
2, 8510191
List the prime factors of 179579.
179579
List the prime factors of 313201.
7, 101, 443
What are the prime factors of 13244?
2, 7, 11, 43
What are the prime factors of 5254398?
2, 3, 83, 3517
List the prime factors of 801512.
2, 100189
What are the prime factors of 3093092?
2, 773273
What are the prime factors of 387646?
2, 7, 27689
What are the prime factors of 195742?
2, 97871
What are the prime factors of 70131?
3, 97, 241
What are the prime factors of 6682773?
3, 2227591
What are the prime factors of 219158?
2, 109579
What are the prime factors of 51109?
51109
What are the prime factors of 5636253?
3, 7, 311, 863
List the prime factors of 23561.
23561
What are the prime factors of 3951544?
2, 19, 25997
List the prime factors of 125570.
2, 5, 29, 433
What are the prime factors of 1390587?
3, 11, 42139
List the prime factors of 1084202.
2, 7, 43, 1801
List the prime factors of 628000.
2, 5, 157
What are the prime factors of 372821?
59, 71, 89
List the prime factors of 674256.
2, 3, 11, 1277
List the prime factors of 345417.
3, 97, 1187
What are the prime factors of 599571?
3, 7, 31, 307
What are the prime factors of 3436153?
7, 37, 13267
What are the prime factors of 218925?
3, 5, 7, 139
What are the prime factors of 196478?
2, 31, 3169
List the prime factors of 14299045.
5, 47, 71, 857
What are the prime factors of 3181948?
2, 7, 11, 10331
What are the prime factors of 538796?
2, 134699
What are the prime factors of 13547819?
1531, 8849
What are the prime factors of 28792073?
157, 183389
List the prime factors of 4793687.
4793687
List the prime factors of 167375.
5, 13, 103
What are the prime factors of 49414?
2, 31, 797
List the prime factors of 16616294.
2, 97, 883
What are the prime factors of 497298?
2, 3, 82883
List the prime factors of 116501.
7, 11, 17, 89
What are the prime factors of 1263654?
2, 3, 7, 3343
What are the prime factors of 5190292?
2, 1297573
What are the prime factors of 10927144?
2, 167, 8179
List the prime factors of 1312077.
3, 13, 17, 1979
What are the prime factors of 2791902?
2, 3, 465317
List the prime factors of 145353.
3, 13, 3727
List the prime factors of 95590.
2, 5, 11, 79
List the prime factors of 5414270.
2, 5, 67, 8081
List the prime factors of 1423370.
2, 5, 13, 10949
What are the prime factors of 763064?
2, 95383
List the prime factors of 222565.
5, 7, 6359
List the prime factors of 18690656.
2, 101, 5783
List the prime factors of 9579311.
7, 1368473
List the prime factors of 15341412.
2, 3, 17, 157, 479
List the prime factors of 529795.
5, 7, 15137
List the prime factors of 1853150.
2, 5, 13, 2851
List the prime factors of 2001761.
883, 2267
List the prime factors of 1592306.
2, 857, 929
List the prime factors of 822196.
2, 205549
List the prime factors of 299292.
2, 3, 7, 509
Wh